{"id":63,"date":"2024-07-18T06:55:38","date_gmt":"2024-07-18T06:55:38","guid":{"rendered":"https:\/\/dummy.xtemos.com\/woodmart2\/pottery-elementor\/?page_id=63"},"modified":"2026-01-19T18:14:36","modified_gmt":"2026-01-19T18:14:36","slug":"about-me","status":"publish","type":"page","link":"https:\/\/tema7.depodanmusteriye.com\/index.php\/about-me\/","title":{"rendered":"About Me"},"content":{"rendered":"\t\t<div data-elementor-type=\"wp-page\" data-elementor-id=\"63\" class=\"elementor elementor-63\">\n\t\t\t\t<div class=\"wd-negative-gap elementor-element elementor-element-30c2157 wd-section-stretch color-scheme-light e-flex e-con-boxed e-con e-parent\" data-id=\"30c2157\" data-element_type=\"container\" data-settings=\"{&quot;background_background&quot;:&quot;classic&quot;}\">\n\t\t\t\t\t<div class=\"e-con-inner\">\n\t\t<div class=\"elementor-element elementor-element-6dba0c1 e-con-full e-flex e-con e-child\" data-id=\"6dba0c1\" data-element_type=\"container\">\n\t\t<div class=\"elementor-element elementor-element-f9c190e e-con-full e-flex e-con e-child\" data-id=\"f9c190e\" data-element_type=\"container\">\n\t\t\t\t<div class=\"elementor-element elementor-element-31ed90d wd-width-100 elementor-widget elementor-widget-wd_title\" data-id=\"31ed90d\" data-element_type=\"widget\" data-widget_type=\"wd_title.default\">\n\t\t\t\t<div class=\"elementor-widget-container\">\n\t\t\t\t\t\t\t<div class=\"title-wrapper wd-set-mb reset-last-child wd-title-color-default wd-title-style-default wd-title-size-default text-left\">\n\n\t\t\t\n\t\t\t<div class=\"liner-continer\">\n\t\t\t\t<h4 class=\"woodmart-title-container title wd-fontsize-l\">Hakk\u0131m\u0131zda<\/h4> \n\t\t\t\t\t\t\t<\/div>\n\n\t\t\t\t\t<\/div>\n\t\t\t\t\t\t<\/div>\n\t\t\t\t<\/div>\n\t\t\t\t<div class=\"elementor-element elementor-element-6e44ec4 elementor-widget elementor-widget-wd_image_or_svg\" data-id=\"6e44ec4\" data-element_type=\"widget\" data-widget_type=\"wd_image_or_svg.default\">\n\t\t\t\t<div class=\"elementor-widget-container\">\n\t\t\t\t\t\n\t\t<div class=\"wd-image text-left\">\n\t\t\t\t\t\t\t\t<img loading=\"lazy\" decoding=\"async\" width=\"640\" height=\"618\" src=\"https:\/\/tema7.depodanmusteriye.com\/wp-content\/uploads\/2024\/07\/w-hmp-about-me-1-opt.jpg\" class=\"attachment-full size-full\" alt=\"\" \/>\t\t\t\t\t<\/div>\n\n\t\t\t\t\t\t<\/div>\n\t\t\t\t<\/div>\n\t\t\t\t<\/div>\n\t\t<div class=\"elementor-element elementor-element-4b982ff e-con-full e-flex e-con e-child\" data-id=\"4b982ff\" data-element_type=\"container\">\n\t\t\t\t<div class=\"elementor-element elementor-element-baee890 elementor-widget elementor-widget-wd_image_or_svg\" data-id=\"baee890\" data-element_type=\"widget\" data-widget_type=\"wd_image_or_svg.default\">\n\t\t\t\t<div class=\"elementor-widget-container\">\n\t\t\t\t\t\n\t\t<div class=\"wd-image text-left\">\n\t\t\t\t\t\t\t\t<img loading=\"lazy\" decoding=\"async\" width=\"640\" height=\"716\" src=\"https:\/\/tema7.depodanmusteriye.com\/wp-content\/uploads\/2024\/07\/w-hmp-about-me-2-opt.jpg\" class=\"attachment-full size-full\" alt=\"\" \/>\t\t\t\t\t<\/div>\n\n\t\t\t\t\t\t<\/div>\n\t\t\t\t<\/div>\n\t\t\t\t<\/div>\n\t\t\t\t<\/div>\n\t\t<div class=\"elementor-element elementor-element-252a80a e-con-full e-flex e-con e-child\" data-id=\"252a80a\" data-element_type=\"container\">\n\t\t<div class=\"elementor-element elementor-element-dadc900 e-con-full e-flex e-con e-child\" data-id=\"dadc900\" data-element_type=\"container\">\n\t\t\t\t<div class=\"elementor-element elementor-element-d54a17b wd-width-100 elementor-widget elementor-widget-wd_title\" data-id=\"d54a17b\" data-element_type=\"widget\" data-widget_type=\"wd_title.default\">\n\t\t\t\t<div class=\"elementor-widget-container\">\n\t\t\t\t\t\t\t<div class=\"title-wrapper wd-set-mb reset-last-child wd-title-color-default wd-title-style-default wd-title-size-default text-left\">\n\n\t\t\t\n\t\t\t<div class=\"liner-continer\">\n\t\t\t\t<h4 class=\"woodmart-title-container title wd-fontsize-l\"><\/h4> \n\t\t\t\t\t\t\t<\/div>\n\n\t\t\t\t\t<\/div>\n\t\t\t\t\t\t<\/div>\n\t\t\t\t<\/div>\n\t\t\t\t<\/div>\n\t\t<div class=\"elementor-element elementor-element-d144dbf e-con-full e-flex e-con e-child\" data-id=\"d144dbf\" data-element_type=\"container\">\n\t\t\t\t<div class=\"elementor-element elementor-element-836c5eb elementor-widget elementor-widget-wd_text_block\" data-id=\"836c5eb\" data-element_type=\"widget\" data-widget_type=\"wd_text_block.default\">\n\t\t\t\t<div class=\"elementor-widget-container\">\n\t\t\t\t\t\t\t<div class=\"wd-text-block reset-last-child text-left color-title\">\n\t\t\t\n\t\t\t\n\t\t\t\t\t<\/div>\n\t\t\t\t\t\t<\/div>\n\t\t\t\t<\/div>\n\t\t\t\t<\/div>\n\t\t\t\t<\/div>\n\t\t\t\t\t<\/div>\n\t\t\t\t<\/div>\n\t\t<div class=\"wd-negative-gap elementor-element elementor-element-2b720a0 e-flex e-con-boxed e-con e-parent\" data-id=\"2b720a0\" data-element_type=\"container\">\n\t\t\t\t\t<div class=\"e-con-inner\">\n\t\t\t\t<div class=\"elementor-element elementor-element-f66db54 wd-width-100 elementor-widget elementor-widget-wd_images_gallery\" data-id=\"f66db54\" data-element_type=\"widget\" data-widget_type=\"wd_images_gallery.default\">\n\t\t\t\t<div class=\"elementor-widget-container\">\n\t\t\t\t\t\t\t<div class=\"wd-images-gallery wd-carousel-container\" style=\"--wd-align-items:center; --wd-justify-content:center;\">\n\t\t\t\t\t\t\t<div class=\"wd-carousel-inner\">\n\t\t\t\t\t\t<div class=\"wd-carousel wd-grid\" data-scroll_per_page=\"yes\" style=\"--wd-col-lg:3.2;--wd-col-md:3.5;--wd-col-sm:1.3;--wd-gap-lg:30px;--wd-gap-sm:10px;--wd-carousel-overflow: visible\">\n\t\t\t\t\t\t\t\t\t<div class=\"wd-carousel-wrap\">\n\t\t\t\t\t\t\t\t\t\t\t\t\t\t\t\t\t\t<div class=\"wd-gallery-item wd-carousel-item\">\n\t\t\t\t\t\t\n\t\t\t\t\t\t<img loading=\"lazy\" decoding=\"async\" width=\"433\" height=\"620\" src=\"https:\/\/tema7.depodanmusteriye.com\/wp-content\/uploads\/2024\/07\/w-hmp-abot-me-gallery-1-opt.jpg\" class=\"attachment-full size-full\" alt=\"w-hmp-abot-me-gallery-1-opt\" \/>\n\t\t\t\t\t\t\t\t\t\t\t<\/div>\n\t\t\t\t\t\t\t\t\t\t\t\t\t\t\t<div class=\"wd-gallery-item wd-carousel-item\">\n\t\t\t\t\t\t\n\t\t\t\t\t\t<img loading=\"lazy\" decoding=\"async\" width=\"433\" height=\"620\" src=\"https:\/\/tema7.depodanmusteriye.com\/wp-content\/uploads\/2024\/07\/w-hmp-abot-me-gallery-2-opt.jpg\" class=\"attachment-full size-full\" alt=\"w-hmp-abot-me-gallery-2-opt\" \/>\n\t\t\t\t\t\t\t\t\t\t\t<\/div>\n\t\t\t\t\t\t\t\t\t\t\t\t\t\t\t<div class=\"wd-gallery-item wd-carousel-item\">\n\t\t\t\t\t\t\n\t\t\t\t\t\t<img loading=\"lazy\" decoding=\"async\" width=\"433\" height=\"620\" src=\"https:\/\/tema7.depodanmusteriye.com\/wp-content\/uploads\/2024\/07\/w-hmp-abot-me-gallery-3-opt.jpg\" class=\"attachment-full size-full\" alt=\"w-hmp-abot-me-gallery-3-opt\" \/>\n\t\t\t\t\t\t\t\t\t\t\t<\/div>\n\t\t\t\t\t\t\t\t\t\t\t\t\t\t\t<div class=\"wd-gallery-item wd-carousel-item\">\n\t\t\t\t\t\t\n\t\t\t\t\t\t<img loading=\"lazy\" decoding=\"async\" width=\"433\" height=\"620\" src=\"https:\/\/tema7.depodanmusteriye.com\/wp-content\/uploads\/2024\/07\/w-hmp-abot-me-gallery-4-opt.jpg\" class=\"attachment-full size-full\" alt=\"w-hmp-abot-me-gallery-4-opt\" \/>\n\t\t\t\t\t\t\t\t\t\t\t<\/div>\n\t\t\t\t\t\t\t\t\t\t\t\t\t\t\t<div class=\"wd-gallery-item wd-carousel-item\">\n\t\t\t\t\t\t\n\t\t\t\t\t\t<img loading=\"lazy\" decoding=\"async\" width=\"433\" height=\"620\" src=\"https:\/\/tema7.depodanmusteriye.com\/wp-content\/uploads\/2024\/07\/w-hmp-abot-me-gallery-5-opt.jpg\" class=\"attachment-full size-full\" alt=\"w-hmp-abot-me-gallery-5-opt\" \/>\n\t\t\t\t\t\t\t\t\t\t\t<\/div>\n\t\t\t\t\t\t\t\t\t\t\t\t\t\t\t<div class=\"wd-gallery-item wd-carousel-item\">\n\t\t\t\t\t\t\n\t\t\t\t\t\t<img loading=\"lazy\" decoding=\"async\" width=\"433\" height=\"620\" src=\"https:\/\/tema7.depodanmusteriye.com\/wp-content\/uploads\/2024\/06\/w-hmp-single-post-image-3-opt.jpg\" class=\"attachment-full size-full\" alt=\"w-hmp-single-post-image-3-opt\" \/>\n\t\t\t\t\t\t\t\t\t\t\t<\/div>\n\t\t\t\t\t\t\t\t\t\t\t\t\t\t\t<div class=\"wd-gallery-item wd-carousel-item\">\n\t\t\t\t\t\t\n\t\t\t\t\t\t<img loading=\"lazy\" decoding=\"async\" width=\"433\" height=\"620\" src=\"https:\/\/tema7.depodanmusteriye.com\/wp-content\/uploads\/2024\/06\/w-hmp-single-post-image-6-opt.jpg\" class=\"attachment-full size-full\" alt=\"w-hmp-single-post-image-6-opt\" \/>\n\t\t\t\t\t\t\t\t\t\t\t<\/div>\n\t\t\t\t\t\t\t\t\t\t\t\t\t\t\t<div class=\"wd-gallery-item wd-carousel-item\">\n\t\t\t\t\t\t\n\t\t\t\t\t\t<img loading=\"lazy\" decoding=\"async\" width=\"433\" height=\"620\" src=\"https:\/\/tema7.depodanmusteriye.com\/wp-content\/uploads\/2024\/06\/w-hmp-single-post-image-4-opt.jpg\" class=\"attachment-full size-full\" alt=\"w-hmp-single-post-image-4-opt\" \/>\n\t\t\t\t\t\t\t\t\t\t\t<\/div>\n\t\t\t\t\t\t\t\t\t\t\t\t\t\t\t<div class=\"wd-gallery-item wd-carousel-item\">\n\t\t\t\t\t\t\n\t\t\t\t\t\t<img loading=\"lazy\" decoding=\"async\" width=\"433\" height=\"620\" src=\"https:\/\/tema7.depodanmusteriye.com\/wp-content\/uploads\/2024\/06\/w-hmp-single-post-image-2-opt.jpg\" class=\"attachment-full size-full\" alt=\"w-hmp-single-post-image-2-opt\" \/>\n\t\t\t\t\t\t\t\t\t\t\t<\/div>\n\t\t\t\t\t\t\t\t\t\t\t\t\t\t\t\t<\/div>\n\t\t\t\t\t\t\t\t<\/div>\n\t\t\t\t\t\t\t\t\t\t\t\t\t\t<div class=\"wd-nav-arrows wd-pos-sep wd-hover-1 wd-icon-1\">\n\t\t\t<div class=\"wd-btn-arrow wd-prev wd-disabled\">\n\t\t\t\t<div class=\"wd-arrow-inner\"><\/div>\n\t\t\t<\/div>\n\t\t\t<div class=\"wd-btn-arrow wd-next\">\n\t\t\t\t<div class=\"wd-arrow-inner\"><\/div>\n\t\t\t<\/div>\n\t\t<\/div>\n\t\t\t\t\t\t\n\t\t\t\t<\/div>\n\n\t\t\t\t\t\t\t\t\t\t\t\t\t<\/div>\n\t\t\t\t\t\t<\/div>\n\t\t\t\t<\/div>\n\t\t\t\t\t<\/div>\n\t\t\t\t<\/div>\n\t\t<div class=\"wd-negative-gap elementor-element elementor-element-cac4662 e-flex e-con-boxed e-con e-parent\" data-id=\"cac4662\" data-element_type=\"container\">\n\t\t\t\t\t<div class=\"e-con-inner\">\n\t\t<div class=\"elementor-element elementor-element-c5a91ee e-con-full e-flex e-con e-child\" data-id=\"c5a91ee\" data-element_type=\"container\">\n\t\t\t\t<div class=\"elementor-element elementor-element-5ad7ca0 wd-width-100 elementor-widget elementor-widget-wd_title\" data-id=\"5ad7ca0\" data-element_type=\"widget\" data-widget_type=\"wd_title.default\">\n\t\t\t\t<div class=\"elementor-widget-container\">\n\t\t\t\t\t\t\t<div class=\"title-wrapper wd-set-mb reset-last-child wd-title-color-default wd-title-style-default wd-title-size-default text-left\">\n\n\t\t\t\n\t\t\t<div class=\"liner-continer\">\n\t\t\t\t<h4 class=\"woodmart-title-container title wd-fontsize-l\">Bize Ula\u015f\u0131n<\/h4> \n\t\t\t\t\t\t\t<\/div>\n\n\t\t\t\t\t<\/div>\n\t\t\t\t\t\t<\/div>\n\t\t\t\t<\/div>\n\t\t\t\t<div class=\"elementor-element elementor-element-a0bc80b elementor-widget elementor-widget-wd_text_block\" data-id=\"a0bc80b\" data-element_type=\"widget\" data-widget_type=\"wd_text_block.default\">\n\t\t\t\t<div class=\"elementor-widget-container\">\n\t\t\t\t\t\t\t<div class=\"wd-text-block reset-last-child text-left color-title\">\n\t\t\t\n\t\t\t<h3>Address<\/h3><div class=\"elementor-element elementor-element-fe1eb5a elementor-widget__width-initial elementor-widget elementor-widget-icon-box\" data-id=\"fe1eb5a\" data-element_type=\"widget\" data-widget_type=\"icon-box.default\"><div class=\"elementor-icon-box-wrapper\"><div class=\"elementor-icon-box-content\"><h3 class=\"elementor-icon-box-title\">Ata\u015fehir - \u0130STANBUL \/ T\u00dcRK\u0130YE<\/h3><p class=\"elementor-icon-box-description\">Kay\u0131\u015fda\u011f\u0131 Mah. Dudullu Cad. <br \/>Mecnun Sok. No:9 Kat:1-2-3<\/p><\/div><\/div><\/div><p>\u00a0<\/p>\n\t\t\t\t\t<\/div>\n\t\t\t\t\t\t<\/div>\n\t\t\t\t<\/div>\n\t\t<div class=\"elementor-element elementor-element-8307d4f e-con-full e-flex e-con e-child\" data-id=\"8307d4f\" data-element_type=\"container\">\n\t\t<div class=\"elementor-element elementor-element-b56d9cb e-con-full e-flex e-con e-child\" data-id=\"b56d9cb\" data-element_type=\"container\">\n\t\t\t\t<div class=\"elementor-element elementor-element-e562a8e elementor-widget elementor-widget-wd_text_block\" data-id=\"e562a8e\" data-element_type=\"widget\" data-widget_type=\"wd_text_block.default\">\n\t\t\t\t<div class=\"elementor-widget-container\">\n\t\t\t\t\t\t\t<div class=\"wd-text-block reset-last-child text-left\">\n\t\t\t\n\t\t\t<h3>Telefon<\/h3><p class=\"elementor-icon-box-description\">0850 666 09 09<\/p>\n\t\t\t\t\t<\/div>\n\t\t\t\t\t\t<\/div>\n\t\t\t\t<\/div>\n\t\t\t\t<\/div>\n\t\t\t\t<\/div>\n\t\t\t\t<div class=\"elementor-element elementor-element-5afa1ae elementor-widget elementor-widget-wd_text_block\" data-id=\"5afa1ae\" data-element_type=\"widget\" data-widget_type=\"wd_text_block.default\">\n\t\t\t\t<div class=\"elementor-widget-container\">\n\t\t\t\t\t\t\t<div class=\"wd-text-block reset-last-child text-left\">\n\t\t\t\n\t\t\t<h3>Email<\/h3>\n\t\t\t\t\t<\/div>\n\t\t\t\t\t\t<\/div>\n\t\t\t\t<\/div>\n\t\t<div class=\"elementor-element elementor-element-690a2aa e-con-full e-flex e-con e-child\" data-id=\"690a2aa\" data-element_type=\"container\">\n\t\t<div class=\"elementor-element elementor-element-373e9c7 e-con-full e-flex e-con e-child\" data-id=\"373e9c7\" data-element_type=\"container\">\n\t\t\t\t<div class=\"elementor-element elementor-element-4fc0662 elementor-widget elementor-widget-wd_text_block\" data-id=\"4fc0662\" data-element_type=\"widget\" data-widget_type=\"wd_text_block.default\">\n\t\t\t\t<div class=\"elementor-widget-container\">\n\t\t\t\t\t\t\t<div class=\"wd-text-block reset-last-child text-left color-title\">\n\t\t\t\n\t\t\t<p>\u0130leti\u015fim<\/p>\n\t\t\t\t\t<\/div>\n\t\t\t\t\t\t<\/div>\n\t\t\t\t<\/div>\n\t\t\t\t<\/div>\n\t\t<div class=\"elementor-element elementor-element-e0b93d3 e-con-full e-flex e-con e-child\" data-id=\"e0b93d3\" data-element_type=\"container\">\n\t\t\t\t<div class=\"elementor-element elementor-element-bebd4a2 elementor-widget elementor-widget-wd_text_block\" data-id=\"bebd4a2\" data-element_type=\"widget\" data-widget_type=\"wd_text_block.default\">\n\t\t\t\t<div class=\"elementor-widget-container\">\n\t\t\t\t\t\t\t<div class=\"wd-text-block reset-last-child text-left color-title\">\n\t\t\t\n\t\t\t<p>info@depodanmusteriye.com<\/p>\n\t\t\t\t\t<\/div>\n\t\t\t\t\t\t<\/div>\n\t\t\t\t<\/div>\n\t\t\t\t<\/div>\n\t\t\t\t<\/div>\n\t\t\t\t<\/div>\n\t\t<div class=\"elementor-element elementor-element-a25c035 e-con-full e-flex e-con e-child\" data-id=\"a25c035\" data-element_type=\"container\">\n\t\t\t\t<div class=\"elementor-element elementor-element-a52c0f8 wd-width-100 elementor-widget elementor-widget-wd_open_street_map\" data-id=\"a52c0f8\" data-element_type=\"widget\" data-widget_type=\"wd_open_street_map.default\">\n\t\t\t\t<div class=\"elementor-widget-container\">\n\t\t\t\t\t\t\t<div class=\"wd-osm-map-container wd-map-container\">\n\t\t\t<div id=\"wd-osm-map-a52c0f8\" class=\"wd-osm-map-wrapper wd-map-wrapper\" data-settings=\"{&quot;zoom&quot;:15,&quot;iconUrl&quot;:&quot;https:\\\/\\\/tema7.depodanmusteriye.com\\\/wp-content\\\/uploads\\\/2024\\\/07\\\/w-hmp-map-point.svg&quot;,&quot;iconSize&quot;:[&quot;32&quot;,&quot;38&quot;],&quot;scrollWheelZoom&quot;:&quot;no&quot;,&quot;zoomControl&quot;:&quot;yes&quot;,&quot;dragging&quot;:&quot;yes&quot;,&quot;geoapify_tile&quot;:&quot;osm-carto&quot;,&quot;markers&quot;:[{&quot;marker&quot;:{&quot;_id&quot;:&quot;7538c0e&quot;,&quot;marker_coords&quot;:&quot;41.043369, 29.173508&quot;,&quot;marker_title&quot;:&quot;&quot;,&quot;marker_description&quot;:&quot;&quot;,&quot;marker_behavior&quot;:&quot;popup&quot;,&quot;show_button&quot;:&quot;no&quot;,&quot;button_text&quot;:null,&quot;button_url&quot;:null,&quot;button_url_target&quot;:null,&quot;image&quot;:{&quot;url&quot;:&quot;&quot;,&quot;id&quot;:&quot;&quot;,&quot;size&quot;:&quot;&quot;},&quot;image_size&quot;:[],&quot;image_custom_dimension&quot;:null},&quot;lat&quot;:&quot;41.043369&quot;,&quot;lng&quot;:&quot; 29.173508&quot;}],&quot;center&quot;:&quot;41.043369,29.173508&quot;,&quot;init_type&quot;:&quot;page_load&quot;}\"><\/div>\n\n\t\t\t\n\t\t\t\n\t\t\t\t\t<\/div>\n\t\t\t\t\t\t<\/div>\n\t\t\t\t<\/div>\n\t\t\t\t<\/div>\n\t\t\t\t\t<\/div>\n\t\t\t\t<\/div>\n\t\t\t\t<\/div>\n\t\t\n    <div class=\"xs_social_share_widget xs_share_url after_content \t\tmain_content  wslu-style-1 wslu-share-box-shaped wslu-fill-colored wslu-none wslu-share-horizontal wslu-theme-font-no wslu-main_content\">\n\n\t\t\n        <ul>\n\t\t\t        <\/ul>\n    <\/div> \n","protected":false},"excerpt":{"rendered":"<p>Hakk\u0131m\u0131zda Bize Ula\u015f\u0131n Address Ata\u015fehir &#8211; \u0130STANBUL \/ T\u00dcRK\u0130YE Kay\u0131\u015fda\u011f\u0131 Mah. Dudullu Cad. Mecnun Sok. No:9 Kat:1-2-3 \u00a0 Telefon 0850<\/p>\n","protected":false},"author":1,"featured_media":0,"parent":0,"menu_order":0,"comment_status":"closed","ping_status":"closed","template":"","meta":{"postBodyCss":"","postBodyMargin":[],"postBodyPadding":[],"postBodyBackground":{"backgroundType":"classic","gradient":""},"footnotes":""},"class_list":["post-63","page","type-page","status-publish","hentry"],"_links":{"self":[{"href":"https:\/\/tema7.depodanmusteriye.com\/index.php\/wp-json\/wp\/v2\/pages\/63","targetHints":{"allow":["GET"]}}],"collection":[{"href":"https:\/\/tema7.depodanmusteriye.com\/index.php\/wp-json\/wp\/v2\/pages"}],"about":[{"href":"https:\/\/tema7.depodanmusteriye.com\/index.php\/wp-json\/wp\/v2\/types\/page"}],"author":[{"embeddable":true,"href":"https:\/\/tema7.depodanmusteriye.com\/index.php\/wp-json\/wp\/v2\/users\/1"}],"replies":[{"embeddable":true,"href":"https:\/\/tema7.depodanmusteriye.com\/index.php\/wp-json\/wp\/v2\/comments?post=63"}],"version-history":[{"count":3,"href":"https:\/\/tema7.depodanmusteriye.com\/index.php\/wp-json\/wp\/v2\/pages\/63\/revisions"}],"predecessor-version":[{"id":16923,"href":"https:\/\/tema7.depodanmusteriye.com\/index.php\/wp-json\/wp\/v2\/pages\/63\/revisions\/16923"}],"wp:attachment":[{"href":"https:\/\/tema7.depodanmusteriye.com\/index.php\/wp-json\/wp\/v2\/media?parent=63"}],"curies":[{"name":"wp","href":"https:\/\/api.w.org\/{rel}","templated":true}]}}